he tens digit of 84256/192 - w/6?
3
Suppose 134*d = 201*d - 555430. What is the hundreds digit of d?
2
What is the thousands digit of 4*-1 + -19 + 27 + 1770?
1
Suppose 0*y + 3*b = -y + 3, -3*b = 3*y - 3. Suppose -4*s - 8 - 4 = y, 0 = -a - 4*s + 167. What is the hundreds digit of a?
1
Suppose 273*r - 186*r - 7721424 = 0. What is the hundreds digit of r?
7
Let i(x) = -5076*x - 2 + 5076*x + 83*x**2. Suppose 5 = -5*h - 0*h. What is the tens digit of i(h)?
8
Let y(t) = -t**3 - 13*t**2 + 2. Let q be y(-13). Suppose -2*f = q*b - 245 - 363, 4*f = 3*b - 947. What is the hundreds digit of b?
3
Suppose 139*q - 549575 = -26*q + 56635. What is the tens digit of q?
7
Let g(v) = -3*v - 2. Let u be g(-2). Suppose 4*y + 3*n - u - 12 = 0, -4*y - n + 24 = 0. Let k(l) = 3*l**2 - 4*l - 31. What is the units digit of k(y)?
8
Let d = 683 - 402. Suppose -2*u + 4*u - q + 390 = 0, q + 792 = -4*u. Let c = d + u. What is the units digit of c?
4
Let h be -4 - (5/(-1) + -1). Suppose 155 = 5*o + 2*n, -h*o + 0*n + 62 = n. Let x = o + 7. What is the units digit of x?
8
Let l(t) = -57*t + 1076. What is the hundreds digit of l(-41)?
4
Suppose f = 29 - 6. Suppose 0 = -5*k + 142 + f. What is the tens digit of k + (-3 - -4) - -3?
3
Let q(k) = -7*k**2 + 9*k - 20. Let y be q(6). Let n = y + 521. What is the tens digit of n?
0
Let r(j) = 939*j + 2766. What is the ten thousands digit of r(16)?
1
Suppose n = -9*n + 330. Let i = n + -39. What is the units digit of (i/(3 - -15))/(2/(-18))?
3
Let k(o) = 8*o**2 + 24*o - 2414. What is the thousands digit of k(-60)?
4
Suppose -3*q + 3*j + 36 = 1350, 0 = -3*q - 2*j - 1339. Let v = -149 - q. What is the tens digit of v?
9
Let m(p) = -p**3 + 7*p**2 + 6*p + 8. Let d be m(8). What is the hundreds digit of (-12)/d*(-23240)/(-42)?
8
Suppose -1538 = -4*s + 2*x, 16*x - 1161 = -3*s + 20*x. Let w = -255 + s. What is the hundreds digit of w?
1
Suppose -4*i - h = -677, -4*i + 2*h = -2*h - 672. Let r be -1 - (2/4*4 - 6). Suppose -i - 143 = -r*v. What is the units digit of v?
4
Let k(f) = 3*f**2 - 20*f + 86. Let i be k(15). Suppose -3*t - m - 135 = -1582, t - i = 5*m. What is the tens digit of t?
8
Suppose 40*b - 33637 = -9*h + 39*b, -5*h + 4*b + 18669 = 0. What is the units digit of h?
7
Let j be 9/(54/12)*2. Let p(n) = n**2 - n - 4. Let c be p(j). Suppose c*x - 217 = 191. What is the units digit of x?
1
Suppose 2*d - 4*v = 5*d - 491, d - 151 = 5*v. Suppose -45*m = -44*m - d. What is the units digit of m?
1
Let h be 214/(-8) - 3 - 2/8. Let l = -27 - h. Suppose l*q - 7*q + 40 = 0. What is the units digit of q?
0
Suppose -3*k - 57*c + 189237 = -60*c, -5*k = -2*c - 315413. What is the tens digit of k?
8
What is the hundreds digit of 10/(-95) - 64348935/(-1995)?
2
Let k(f) = 1101*f**3 + 2*f**2 - f - 1. What is the units digit of k(1)?
1
Let b(z) = -z + 503. Let y be b(0). Let r = y + -323. Suppose 2*d + 205 = 5*m - r, 2*m = 4*d + 138. What is the units digit of m?
9
Let t = 36806 - -8719. What is the hundreds digit of t?
5
Let o(l) = 11*l**2 - 2*l + 9. Let s be -2 - (0 - 0) - (-1)/(-1). Let w be o(s). What is the tens digit of ((-4)/(-2) + -20)*w/(-9)?
2
Suppose -77*o + 823760 = -37*o. What is the units digit of o?
4
Let k(l) = 4*l - 61. Let h be k(15). What is the hundreds digit of (h - 5/(-6)) + (-11894)/(-12)?
9
Suppose -88 = 3*b + 5*b. Let c(w) = 2*w + 16. Let r be c(b). What is the units digit of ((-5)/2)/(1 + 7/r)?
5
Suppose 89 + 45 = t. Let k = t + -93. What is the tens digit of k?
4
Let g = 1182 + -658. Suppose -526*l + g*l = -1482. What is the hundreds digit of l?
7
Let t(s) = 17*s - 6. Let m(l) = -l**3 - 9*l**2 + 11*l + 13. Let z be m(-10). Let u be t(z). Suppose b - 22 = u. What is the units digit of b?
7
Let z(u) = -329*u - 17. Let i be z(-4). Suppose 7*r - 7963 + i = 0. What is the tens digit of 2 + (-22)/10 - r/(-10)?
9
Let d = 103 + -99. Suppose -2008 = -d*z - 2*i, -z - i + 529 = 26. Let j = z + -278. What is the tens digit of j?
2
Suppose 12*g = -11*g - 3*g + 634348. What is the hundreds digit of g?
3
Suppose -3*x - 3*q = 216, 0 + 4 = q. What is the units digit of -3 + x/(-28) - (-2942)/7?
0
Let h = -84 + 214. Let b = h + 115. What is the hundreds digit of b?
2
Let b(n) = 440*n**2 - 5*n - 15. What is the thousands digit of b(3)?
3
What is the tens digit of 288/5*13/((-156)/(-3180))?
6
Let z(f) = f + 1. Let a be z(0). Let l be 0/a - (19 - 85). Suppose c - 264 = -4*r - c, -2*c - l = -r. What is the units digit of r?
6
Let j(o) = -o**3 + 4*o**2 + 10*o + 5. Let l be j(6). Let w be 630/2 + 11 + l. Suppose -5*d - 94 = -w. What is the tens digit of d?
4
What is the hundreds digit of (-6105)/6*126/(-21)?
1
Let g = 3986 - 2550. What is the tens digit of 4/(-2) + 0 + g?
3
Let s = -3439 + 5997. What is the hundreds digit of s?
5
Suppose 177 = 10*j + 27. Suppose -5*k + 5*i = j, 6*k = k + 4*i - 12. Suppose 5*u - 656 - 244 = k. What is the units digit of u?
0
Suppose -76 - 2 = -6*w. Suppose 0 = 6*f + w + 11. Let r(s) = -s**3 + 5*s**2 + 12*s + 2. What is the tens digit of r(f)?
9
Let q(b) be the second derivative of -b**5/20 + b**4/3 - b**3/6 - b**2 - b. Suppose -6*x - 6 + 18 = 0. What is the units digit of q(x)?
4
Let w(g) be the third derivative of g**5/12 - 25*g**4/24 + 127*g**3/6 - 3*g**2 + 2. What is the units digit of w(13)?
7
Suppose 68 = 4*n + 256. Let u be 5 + -9 + (-110)/(-1). Let c = u + n. What is the units digit of c?
9
Suppose 36 = 53*b - 35*b. Suppose -b*y = -4*y, -3*y - 30 = -2*f. What is the units digit of f?
5
Let n(o) = -1109*o**3 + 13*o**2 + 25*o + 7. What is the tens digit of n(-2)?
8
Let j = -69 - -69. Suppose j = x + x - 36. What is the tens digit of (6/4)/(1/(744/x))?
6
Let p(o) be the first derivative of 16*o**4 + o**3/3 + 5*o**2/2 - 3*o + 145. What is the units digit of p(2)?
3
Let z(g) = g**3 + 16*g**2 + 29*g + 18. Let v = 118 + -111. Let j(r) = -r**2 + 7*r - 13. Let d be j(v). What is the tens digit of z(d)?
4
Let q(d) = -2*d + 46. Let r be q(-21). Let n = 110 - r. Suppose -1560 = -n*a + 12*a. What is the hundreds digit of a?
1
Let z(o) = -o**3 + 3*o**2 - 6*o - 12. Let p be z(8). Let t be 5/(-4)*p/19. Suppose 0 = 24*f - t*f + 27. What is the tens digit of f?
2
What is the hundreds digit of 8 + 510/(-65) - (-69984)/52?
3
Let w be (-30)/4*(-1196)/(-115). Let q = w - -83. Suppose q*r - 693 = -8. What is the tens digit of r?
3
Let a(w) = -w**3 + 3*w**2 + 22*w - 12. Let b be a(6). Let m(g) = 10*g + 78. What is the tens digit of m(b)?
9
Let b be (-18 - -20 - (16 - 0)) + 1. Let n = 124 - 62. Let j = b + n. What is the units digit of j?
9
What is the thousands digit of (-13)/(-26) + 10/(-4) - -3065?
3
Suppose 0 = -2*j - 3*j - 285. Let n = 451 + -316. Let x = n + j. What is the tens digit of x?
7
Let o(l) = -l**3 - 76*l**2 + 136*l + 540. What is the hundreds digit of o(-81)?
3
Suppose 0 = -35837*f + 35866*f - 216804. What is the hundreds digit of f?
4
Suppose -2*x - 56970 = 3*k, 2*k + 32471 + 24503 = -2*x. What is the tens digit of x/(-21) - 64/(-224)?
5
Let p = 46 - 41. Suppose -3*g - p*z - 70 = 0, -z - z - 25 = g. Let q(t) = t**2 + 6*t - 16. What is the units digit of q(g)?
9
Let p be (-204)/(-16) - (-4 + 95/20). Suppose 0 = -16*x + p*x - q + 3203, -3213 = -4*x + q. What is the units digit of x?
2
Let u be (-12)/40*-5*101700/(-27). What is the hundreds digit of (6/5)/((-10)/u)?
6
Suppose 9*s = -h + 7*s + 22957, 2*h - 45858 = 4*s. What is the hundreds digit of h?
9
Let s be 4 - (-3 - 4/4). Suppose -s*a + 7 = -33. Suppose a*h - h - 76 = 0. What is the units digit of h?
9
What is the hundreds digit of 375*(1/(-5) + 21/(840/4448))?
6
Suppose -n = 2*m + 47, 2*m + 5*n = -97 + 70. Let l(i) = -9 - i**2 - 12 - 37*i + 4*i. What is the units digit of l(m)?
1
Let z = -11943 + 38126. What is the hundreds digit of z?
1
Suppose -4*g + 25278 = 7*g. What is the tens digit of (g/4 - 3) + 24/16?
7
Let s(t) = -t**3 + 33*t**2 - 23*t - 72. What is the thousands digit of s(20)?
4
Let c(d) = 2*d**3 + 3*d**2 - 2*d. Let f be c(-2). Suppose 5*j + a - 1171 = 0, f = 2*j + a + 2*a - 458. What is the units digit of j?
5
Suppose 0 = 11*x - 4*x - 49413. What is the thousands digit of x?
7
Let f(b) = -20*b**3 - 170*b**2 - 6*b - 40. What is the tens digit of f(-14)?
0
Let f(u) = 11031*u + 114. What is the units digit of f(4)?
8
Suppose 0 = -4*f + 6*f - 90. What is th